{"id":97,"date":"2025-10-16T09:41:26","date_gmt":"2025-10-16T09:41:26","guid":{"rendered":"http:\/\/eclipseoptique.rinmelanie.com\/?page_id=97"},"modified":"2025-10-16T17:34:21","modified_gmt":"2025-10-16T17:34:21","slug":"concept","status":"publish","type":"page","link":"https:\/\/eclipseoptique.rinmelanie.com\/index.php\/concept\/","title":{"rendered":"Concept"},"content":{"rendered":"\t\t<div data-elementor-type=\"wp-page\" data-elementor-id=\"97\" class=\"elementor elementor-97\">\n\t\t\t\t<div class=\"elementor-element elementor-element-1a159cd e-con-full e-flex e-con e-parent\" data-id=\"1a159cd\" data-element_type=\"container\">\n\t\t\t\t<div class=\"elementor-element elementor-element-66da80e elementor-widget__width-inherit elementor-widget elementor-widget-image\" data-id=\"66da80e\" data-element_type=\"widget\" data-widget_type=\"image.default\">\n\t\t\t\t\t\t\t\t\t\t\t\t\t\t\t<img fetchpriority=\"high\" decoding=\"async\" width=\"2000\" height=\"1334\" src=\"https:\/\/eclipseoptique.rinmelanie.com\/wp-content\/uploads\/2025\/10\/cropped-dimanche-soir.jpg\" class=\"attachment-2048x2048 size-2048x2048 wp-image-78\" alt=\"\" srcset=\"https:\/\/eclipseoptique.rinmelanie.com\/wp-content\/uploads\/2025\/10\/cropped-dimanche-soir.jpg 2000w, https:\/\/eclipseoptique.rinmelanie.com\/wp-content\/uploads\/2025\/10\/cropped-dimanche-soir-300x200.jpg 300w, https:\/\/eclipseoptique.rinmelanie.com\/wp-content\/uploads\/2025\/10\/cropped-dimanche-soir-1024x683.jpg 1024w, https:\/\/eclipseoptique.rinmelanie.com\/wp-content\/uploads\/2025\/10\/cropped-dimanche-soir-768x512.jpg 768w, https:\/\/eclipseoptique.rinmelanie.com\/wp-content\/uploads\/2025\/10\/cropped-dimanche-soir-1536x1025.jpg 1536w\" sizes=\"(max-width: 2000px) 100vw, 2000px\" \/>\t\t\t\t\t\t\t\t\t\t\t\t\t\t\t<\/div>\n\t\t\t\t<\/div>\n\t\t<div class=\"elementor-element elementor-element-39e23a0 e-flex e-con-boxed e-con e-parent\" data-id=\"39e23a0\" data-element_type=\"container\">\n\t\t\t\t\t<div class=\"e-con-inner\">\n\t\t\t\t\t<\/div>\n\t\t\t\t<\/div>\n\t\t<div class=\"elementor-element elementor-element-9e3114e e-flex e-con-boxed e-con e-parent\" data-id=\"9e3114e\" data-element_type=\"container\">\n\t\t\t\t\t<div class=\"e-con-inner\">\n\t\t<div class=\"elementor-element elementor-element-26ed3ab e-con-full e-flex e-con e-child\" data-id=\"26ed3ab\" data-element_type=\"container\">\n\t\t\t\t<div class=\"elementor-element elementor-element-51723e6 elementor-widget elementor-widget-spacer\" data-id=\"51723e6\" data-element_type=\"widget\" data-widget_type=\"spacer.default\">\n\t\t\t\t\t\t\t<div class=\"elementor-spacer\">\n\t\t\t<div class=\"elementor-spacer-inner\"><\/div>\n\t\t<\/div>\n\t\t\t\t\t\t<\/div>\n\t\t\t\t<div class=\"elementor-element elementor-element-01102c4 elementor-widget elementor-widget-text-editor\" data-id=\"01102c4\" data-element_type=\"widget\" data-widget_type=\"text-editor.default\">\n\t\t\t\t\t\t\t\t\t<h5><strong>Eclipse Optique<\/strong>\u00a0incarne l\u2019excellence de l\u2019optique parisienne. Nich\u00e9e au c\u0153ur de la capitale, notre maison s\u00e9lectionne les plus belles montures de cr\u00e9ateurs et les verres les plus innovants pour allier confort visuel et \u00e9l\u00e9gance intemporelle. Chaque regard m\u00e9rite un \u00e9clat unique \u2014 laissez-vous guider par notre expertise sur mesure.<\/h5>\t\t\t\t\t\t\t\t<\/div>\n\t\t\t\t<\/div>\n\t\t<div class=\"elementor-element elementor-element-dbcd8a4 e-con-full e-flex e-con e-child\" data-id=\"dbcd8a4\" data-element_type=\"container\">\n\t\t\t\t<div class=\"elementor-element elementor-element-a285de5 elementor-widget elementor-widget-image\" data-id=\"a285de5\" data-element_type=\"widget\" data-widget_type=\"image.default\">\n\t\t\t\t\t\t\t\t\t\t\t\t\t\t\t<img decoding=\"async\" width=\"715\" height=\"876\" src=\"https:\/\/eclipseoptique.rinmelanie.com\/wp-content\/uploads\/2025\/10\/noirblc.jpg\" class=\"attachment-large size-large wp-image-75\" alt=\"\" srcset=\"https:\/\/eclipseoptique.rinmelanie.com\/wp-content\/uploads\/2025\/10\/noirblc.jpg 715w, https:\/\/eclipseoptique.rinmelanie.com\/wp-content\/uploads\/2025\/10\/noirblc-245x300.jpg 245w\" sizes=\"(max-width: 715px) 100vw, 715px\" \/>\t\t\t\t\t\t\t\t\t\t\t\t\t\t\t<\/div>\n\t\t\t\t<\/div>\n\t\t\t\t\t<\/div>\n\t\t\t\t<\/div>\n\t\t<div class=\"elementor-element elementor-element-1dcbb96 e-flex e-con-boxed e-con e-parent\" data-id=\"1dcbb96\" data-element_type=\"container\">\n\t\t\t\t\t<div class=\"e-con-inner\">\n\t\t\t\t<div class=\"elementor-element elementor-element-d30485b elementor-widget elementor-widget-spacer\" data-id=\"d30485b\" data-element_type=\"widget\" data-widget_type=\"spacer.default\">\n\t\t\t\t\t\t\t<div class=\"elementor-spacer\">\n\t\t\t<div class=\"elementor-spacer-inner\"><\/div>\n\t\t<\/div>\n\t\t\t\t\t\t<\/div>\n\t\t\t\t\t<\/div>\n\t\t\t\t<\/div>\n\t\t<div class=\"elementor-element elementor-element-a5aa199 e-flex e-con-boxed e-con e-parent\" data-id=\"a5aa199\" data-element_type=\"container\">\n\t\t\t\t\t<div class=\"e-con-inner\">\n\t\t\t\t<div class=\"elementor-element elementor-element-f13252e elementor-widget elementor-widget-image\" data-id=\"f13252e\" data-element_type=\"widget\" data-widget_type=\"image.default\">\n\t\t\t\t\t\t\t\t\t\t\t\t\t\t\t<img decoding=\"async\" width=\"1200\" height=\"814\" src=\"https:\/\/eclipseoptique.rinmelanie.com\/wp-content\/uploads\/2025\/10\/CARTE-DE-VISITE-derCONTRASTE.jpg\" class=\"attachment-2048x2048 size-2048x2048 wp-image-64\" alt=\"\" srcset=\"https:\/\/eclipseoptique.rinmelanie.com\/wp-content\/uploads\/2025\/10\/CARTE-DE-VISITE-derCONTRASTE.jpg 1200w, https:\/\/eclipseoptique.rinmelanie.com\/wp-content\/uploads\/2025\/10\/CARTE-DE-VISITE-derCONTRASTE-300x204.jpg 300w, https:\/\/eclipseoptique.rinmelanie.com\/wp-content\/uploads\/2025\/10\/CARTE-DE-VISITE-derCONTRASTE-1024x695.jpg 1024w, https:\/\/eclipseoptique.rinmelanie.com\/wp-content\/uploads\/2025\/10\/CARTE-DE-VISITE-derCONTRASTE-768x521.jpg 768w\" sizes=\"(max-width: 1200px) 100vw, 1200px\" \/>\t\t\t\t\t\t\t\t\t\t\t\t\t\t\t<\/div>\n\t\t\t\t\t<\/div>\n\t\t\t\t<\/div>\n\t\t\t\t<\/div>\n\t\t","protected":false},"excerpt":{"rendered":"<p>Eclipse Optique\u00a0incarne l\u2019excellence de l\u2019optique parisienne. Nich\u00e9e au c\u0153ur de la capitale, notre [&hellip;]<\/p>\n","protected":false},"author":1,"featured_media":0,"parent":0,"menu_order":1,"comment_status":"closed","ping_status":"closed","template":"","meta":{"footnotes":""},"class_list":["post-97","page","type-page","status-publish","hentry"],"_links":{"self":[{"href":"https:\/\/eclipseoptique.rinmelanie.com\/index.php\/wp-json\/wp\/v2\/pages\/97","targetHints":{"allow":["GET"]}}],"collection":[{"href":"https:\/\/eclipseoptique.rinmelanie.com\/index.php\/wp-json\/wp\/v2\/pages"}],"about":[{"href":"https:\/\/eclipseoptique.rinmelanie.com\/index.php\/wp-json\/wp\/v2\/types\/page"}],"author":[{"embeddable":true,"href":"https:\/\/eclipseoptique.rinmelanie.com\/index.php\/wp-json\/wp\/v2\/users\/1"}],"replies":[{"embeddable":true,"href":"https:\/\/eclipseoptique.rinmelanie.com\/index.php\/wp-json\/wp\/v2\/comments?post=97"}],"version-history":[{"count":16,"href":"https:\/\/eclipseoptique.rinmelanie.com\/index.php\/wp-json\/wp\/v2\/pages\/97\/revisions"}],"predecessor-version":[{"id":390,"href":"https:\/\/eclipseoptique.rinmelanie.com\/index.php\/wp-json\/wp\/v2\/pages\/97\/revisions\/390"}],"wp:attachment":[{"href":"https:\/\/eclipseoptique.rinmelanie.com\/index.php\/wp-json\/wp\/v2\/media?parent=97"}],"curies":[{"name":"wp","href":"https:\/\/api.w.org\/{rel}","templated":true}]}}