{"id":99,"date":"2025-10-16T09:42:16","date_gmt":"2025-10-16T09:42:16","guid":{"rendered":"http:\/\/eclipseoptique.rinmelanie.com\/?page_id=99"},"modified":"2025-10-16T16:59:29","modified_gmt":"2025-10-16T16:59:29","slug":"selection","status":"publish","type":"page","link":"https:\/\/eclipseoptique.rinmelanie.com\/index.php\/selection\/","title":{"rendered":"Selection"},"content":{"rendered":"<div data-colibri-id=\"99-c1\" class=\"style-300 style-local-99-c1 position-relative\">\n  <!---->\n  <div data-colibri-component=\"section\" data-colibri-id=\"99-c2\" id=\"custom\" class=\"h-section h-section-global-spacing d-flex align-items-lg-center align-items-md-center align-items-center style-301 style-local-99-c2 position-relative\">\n    <!---->\n    <!---->\n    <div class=\"h-section-grid-container h-section-boxed-container\">\n      <!---->\n      <div data-colibri-id=\"99-c3\" class=\"h-row-container gutters-row-lg-2 gutters-row-md-2 gutters-row-0 gutters-row-v-lg-2 gutters-row-v-md-2 gutters-row-v-2 style-304 style-local-99-c3 position-relative\">\n        <!---->\n        <div class=\"h-row justify-content-lg-center justify-content-md-center justify-content-center align-items-lg-stretch align-items-md-stretch align-items-stretch gutters-col-lg-2 gutters-col-md-2 gutters-col-0 gutters-col-v-lg-2 gutters-col-v-md-2 gutters-col-v-2\">\n          <!---->\n          <div class=\"h-column h-column-container d-flex h-col-lg-auto h-col-md-auto h-col-auto style-305-outer style-local-99-c4-outer\">\n            <div data-colibri-id=\"99-c4\" class=\"d-flex h-flex-basis h-column__inner h-px-lg-2 h-px-md-2 h-px-2 v-inner-lg-2 v-inner-md-2 v-inner-2 style-305 style-local-99-c4 position-relative\">\n              <!---->\n              <!---->\n              <div class=\"w-100 h-y-container h-column__content h-column__v-align flex-basis-100 align-self-lg-start align-self-md-start align-self-start\">\n                <!---->\n                <div data-colibri-id=\"99-c5\" class=\"d-block style-306 style-local-99-c5 position-relative h-element\">\n                  <!---->\n                  <div class=\"h-image__frame-container-outer\">\n                    <div class=\"h-image__frame-container\">\n                      <!---->\n                      <!---->\n                      <img fetchpriority=\"high\" decoding=\"async\" width=\"1935\" height=\"1939\" src=\"https:\/\/eclipseoptique.rinmelanie.com\/wp-content\/uploads\/2025\/10\/cropped-cropped-photo-noir-et-blanc-scaled-1.jpg\" class=\"wp-image-146 style-306-image style-local-99-c5-image\" alt=\"\" srcset=\"https:\/\/eclipseoptique.rinmelanie.com\/wp-content\/uploads\/2025\/10\/cropped-cropped-photo-noir-et-blanc-scaled-1.jpg 1935w, https:\/\/eclipseoptique.rinmelanie.com\/wp-content\/uploads\/2025\/10\/cropped-cropped-photo-noir-et-blanc-scaled-1-300x300.jpg 300w, https:\/\/eclipseoptique.rinmelanie.com\/wp-content\/uploads\/2025\/10\/cropped-cropped-photo-noir-et-blanc-scaled-1-1022x1024.jpg 1022w, https:\/\/eclipseoptique.rinmelanie.com\/wp-content\/uploads\/2025\/10\/cropped-cropped-photo-noir-et-blanc-scaled-1-150x150.jpg 150w, https:\/\/eclipseoptique.rinmelanie.com\/wp-content\/uploads\/2025\/10\/cropped-cropped-photo-noir-et-blanc-scaled-1-768x770.jpg 768w, https:\/\/eclipseoptique.rinmelanie.com\/wp-content\/uploads\/2025\/10\/cropped-cropped-photo-noir-et-blanc-scaled-1-1533x1536.jpg 1533w\" sizes=\"(max-width: 1935px) 100vw, 1935px\" \/>\n                      <div class=\"h-image__frame h-hide-lg h-hide-md h-hide-sm style-306-frameImage style-local-99-c5-frameImage\"><\/div>\n                    <\/div>\n                  <\/div>\n                <\/div>\n              <\/div>\n            <\/div>\n          <\/div>\n        <\/div>\n      <\/div>\n      <div data-colibri-id=\"99-c6\" class=\"h-row-container gutters-row-lg-2 gutters-row-md-2 gutters-row-0 gutters-row-v-lg-2 gutters-row-v-md-2 gutters-row-v-2 style-302 style-local-99-c6 position-relative\">\n        <!---->\n        <div class=\"h-row justify-content-lg-center justify-content-md-center justify-content-center align-items-lg-stretch align-items-md-stretch align-items-stretch gutters-col-lg-2 gutters-col-md-2 gutters-col-0 gutters-col-v-lg-2 gutters-col-v-md-2 gutters-col-v-2\">\n          <!---->\n          <div class=\"h-column h-column-container d-flex h-col-lg-auto h-col-md-auto h-col-auto style-303-outer style-local-99-c7-outer\">\n            <div data-colibri-id=\"99-c7\" class=\"d-flex h-flex-basis h-column__inner h-px-lg-2 h-px-md-2 h-px-2 v-inner-lg-2 v-inner-md-2 v-inner-2 style-303 style-local-99-c7 position-relative\">\n              <!---->\n              <!---->\n              <div class=\"w-100 h-y-container h-column__content h-column__v-align flex-basis-100 align-self-lg-start align-self-md-start align-self-start\">\n                <!---->\n                <div data-colibri-id=\"99-c8\" class=\"h-text h-text-component style-322 style-local-99-c8 position-relative h-element\">\n                  <!---->\n                  <!---->\n                  <div class=\"\">\n                    <h3><strong>\u00c9l\u00e9gance, pr\u00e9cision et caract\u00e8re \u2013 d\u00e9couvrez la s\u00e9lection haut de gamme d\u2019\u00c9clipse Optique<\/strong><\/h3>\n                    <p>Chez&nbsp;<strong>\u00c9clipse Optique<\/strong>, chaque monture est bien plus qu\u2019un simple accessoire : c\u2019est une \u0153uvre d\u2019art pens\u00e9e pour sublimer votre regard. Notre s\u00e9lection haut de gamme r\u00e9unit les cr\u00e9ations des maisons les plus prestigieuses,\n                      o\u00f9 savoir-faire artisanal, mat\u00e9riaux nobles et design d\u2019exception s\u2019unissent pour offrir un confort et une allure incomparables.<\/p>\n                    <p>Que vous recherchiez une allure audacieuse, contemporaine ou intemporelle, chaque paire de lunettes que nous proposons incarne l\u2019\u00e9quilibre parfait entre&nbsp;<strong>esth\u00e9tique, innovation et excellence optique<\/strong>. Laissez-vous\n                      s\u00e9duire par des mod\u00e8les qui refl\u00e8tent votre personnalit\u00e9 et red\u00e9finissent les codes du style raffin\u00e9.<\/p>\n                    <p>\n                      <br>\n                    <\/p>\n                  <\/div>\n                <\/div>\n              <\/div>\n            <\/div>\n          <\/div>\n        <\/div>\n      <\/div>\n    <\/div>\n  <\/div>\n  <div data-colibri-component=\"section\" data-colibri-id=\"99-c9\" id=\"custom-2\" class=\"h-section h-section-global-spacing d-flex align-items-lg-center align-items-md-center align-items-center style-307 style-local-99-c9 position-relative\">\n    <!---->\n    <!---->\n    <div class=\"h-section-grid-container h-section-boxed-container\">\n      <!---->\n      <div data-colibri-id=\"99-c10\" class=\"h-row-container gutters-row-lg-2 gutters-row-md-2 gutters-row-0 gutters-row-v-lg-2 gutters-row-v-md-2 gutters-row-v-2 style-308 style-local-99-c10 position-relative\">\n        <!---->\n        <div class=\"h-row justify-content-lg-center justify-content-md-center justify-content-center align-items-lg-stretch align-items-md-stretch align-items-stretch gutters-col-lg-2 gutters-col-md-2 gutters-col-0 gutters-col-v-lg-2 gutters-col-v-md-2 gutters-col-v-2\">\n          <!---->\n          <div class=\"h-column h-column-container d-flex h-col-lg-auto h-col-md-auto h-col-auto style-309-outer style-local-99-c11-outer\">\n            <div data-colibri-id=\"99-c11\" class=\"d-flex h-flex-basis h-column__inner h-px-lg-2 h-px-md-2 h-px-2 v-inner-lg-2 v-inner-md-2 v-inner-2 style-309 style-local-99-c11 position-relative\">\n              <!---->\n              <!---->\n              <div class=\"w-100 h-y-container h-column__content h-column__v-align flex-basis-100 align-self-lg-start align-self-md-start align-self-start\">\n                <!---->\n                <div data-colibri-id=\"99-c12\" class=\"d-block style-311 style-local-99-c12 position-relative h-element\">\n                  <!---->\n                  <div class=\"h-image__frame-container-outer\">\n                    <div class=\"h-image__frame-container\">\n                      <!---->\n                      <!---->\n                      <img decoding=\"async\" width=\"1999\" height=\"1334\" src=\"https:\/\/eclipseoptique.rinmelanie.com\/wp-content\/uploads\/2025\/10\/cropped-cropped-gris-gris.jpg\" class=\"wp-image-147 style-311-image style-local-99-c12-image\" alt=\"\" srcset=\"https:\/\/eclipseoptique.rinmelanie.com\/wp-content\/uploads\/2025\/10\/cropped-cropped-gris-gris.jpg 1999w, https:\/\/eclipseoptique.rinmelanie.com\/wp-content\/uploads\/2025\/10\/cropped-cropped-gris-gris-300x200.jpg 300w, https:\/\/eclipseoptique.rinmelanie.com\/wp-content\/uploads\/2025\/10\/cropped-cropped-gris-gris-1024x683.jpg 1024w, https:\/\/eclipseoptique.rinmelanie.com\/wp-content\/uploads\/2025\/10\/cropped-cropped-gris-gris-768x513.jpg 768w, https:\/\/eclipseoptique.rinmelanie.com\/wp-content\/uploads\/2025\/10\/cropped-cropped-gris-gris-1536x1025.jpg 1536w\" sizes=\"(max-width: 1999px) 100vw, 1999px\" \/>\n                      <div class=\"h-image__frame h-hide-lg h-hide-md h-hide-sm style-311-frameImage style-local-99-c12-frameImage\"><\/div>\n                    <\/div>\n                  <\/div>\n                <\/div>\n              <\/div>\n            <\/div>\n          <\/div>\n          <div class=\"h-column h-column-container d-flex h-col-lg-auto h-col-md-auto h-col-auto style-310-outer style-local-99-c13-outer\">\n            <div data-colibri-id=\"99-c13\" class=\"d-flex h-flex-basis h-column__inner h-px-lg-2 h-px-md-2 h-px-2 v-inner-lg-2 v-inner-md-2 v-inner-2 style-310 style-local-99-c13 position-relative\">\n              <!---->\n              <!---->\n              <div class=\"w-100 h-y-container h-column__content h-column__v-align flex-basis-100 align-self-lg-start align-self-md-start align-self-start\">\n                <!---->\n                <div data-colibri-id=\"99-c14\" class=\"d-block style-312 style-local-99-c14 position-relative h-element\">\n                  <!---->\n                  <div class=\"h-image__frame-container-outer\">\n                    <div class=\"h-image__frame-container\">\n                      <!---->\n                      <!---->\n                      <img decoding=\"async\" width=\"1998\" height=\"1334\" src=\"https:\/\/eclipseoptique.rinmelanie.com\/wp-content\/uploads\/2025\/10\/cropped-glasses-with-slightly-rounded-frame.jpg\" class=\"wp-image-152 style-312-image style-local-99-c14-image\" alt=\"\" srcset=\"https:\/\/eclipseoptique.rinmelanie.com\/wp-content\/uploads\/2025\/10\/cropped-glasses-with-slightly-rounded-frame.jpg 1998w, https:\/\/eclipseoptique.rinmelanie.com\/wp-content\/uploads\/2025\/10\/cropped-glasses-with-slightly-rounded-frame-300x200.jpg 300w, https:\/\/eclipseoptique.rinmelanie.com\/wp-content\/uploads\/2025\/10\/cropped-glasses-with-slightly-rounded-frame-1024x684.jpg 1024w, https:\/\/eclipseoptique.rinmelanie.com\/wp-content\/uploads\/2025\/10\/cropped-glasses-with-slightly-rounded-frame-768x513.jpg 768w, https:\/\/eclipseoptique.rinmelanie.com\/wp-content\/uploads\/2025\/10\/cropped-glasses-with-slightly-rounded-frame-1536x1026.jpg 1536w\" sizes=\"(max-width: 1998px) 100vw, 1998px\" \/>\n                      <div class=\"h-image__frame h-hide-lg h-hide-md h-hide-sm style-312-frameImage style-local-99-c14-frameImage\"><\/div>\n                    <\/div>\n                  <\/div>\n                <\/div>\n              <\/div>\n            <\/div>\n          <\/div>\n        <\/div>\n      <\/div>\n    <\/div>\n  <\/div>\n  <div data-colibri-component=\"section\" data-colibri-id=\"99-c15\" id=\"custom-3\" class=\"h-section h-section-global-spacing d-flex align-items-lg-center align-items-md-center align-items-center style-313 style-local-99-c15 position-relative\">\n    <!---->\n    <!---->\n    <div class=\"h-section-grid-container h-section-boxed-container\">\n      <!---->\n      <div data-colibri-id=\"99-c16\" class=\"h-row-container gutters-row-lg-2 gutters-row-md-2 gutters-row-0 gutters-row-v-lg-2 gutters-row-v-md-2 gutters-row-v-2 style-317 style-local-99-c16 position-relative\">\n        <!---->\n        <div class=\"h-row justify-content-lg-center justify-content-md-center justify-content-center align-items-lg-stretch align-items-md-stretch align-items-stretch gutters-col-lg-2 gutters-col-md-2 gutters-col-0 gutters-col-v-lg-2 gutters-col-v-md-2 gutters-col-v-2\">\n          <!---->\n          <div class=\"h-column h-column-container d-flex h-col-lg-auto h-col-md-auto h-col-auto style-318-outer style-local-99-c17-outer\">\n            <div data-colibri-id=\"99-c17\" class=\"d-flex h-flex-basis h-column__inner h-px-lg-2 h-px-md-2 h-px-2 v-inner-lg-2 v-inner-md-2 v-inner-2 style-318 style-local-99-c17 position-relative\">\n              <!---->\n              <!---->\n              <div class=\"w-100 h-y-container h-column__content h-column__v-align flex-basis-100 align-self-lg-start align-self-md-start align-self-start\">\n                <!---->\n                <div data-colibri-id=\"99-c18\" class=\"d-block style-319 style-local-99-c18 position-relative h-element\">\n                  <!---->\n                  <div class=\"h-image__frame-container-outer\">\n                    <div class=\"h-image__frame-container\">\n                      <!---->\n                      <!---->\n                      <img loading=\"lazy\" decoding=\"async\" width=\"1996\" height=\"1334\" src=\"https:\/\/eclipseoptique.rinmelanie.com\/wp-content\/uploads\/2025\/10\/cropped-cropped-cropped-dimanche-soir.jpg\" class=\"wp-image-151 style-319-image style-local-99-c18-image\" alt=\"\" srcset=\"https:\/\/eclipseoptique.rinmelanie.com\/wp-content\/uploads\/2025\/10\/cropped-cropped-cropped-dimanche-soir.jpg 1996w, https:\/\/eclipseoptique.rinmelanie.com\/wp-content\/uploads\/2025\/10\/cropped-cropped-cropped-dimanche-soir-300x201.jpg 300w, https:\/\/eclipseoptique.rinmelanie.com\/wp-content\/uploads\/2025\/10\/cropped-cropped-cropped-dimanche-soir-1024x684.jpg 1024w, https:\/\/eclipseoptique.rinmelanie.com\/wp-content\/uploads\/2025\/10\/cropped-cropped-cropped-dimanche-soir-768x513.jpg 768w, https:\/\/eclipseoptique.rinmelanie.com\/wp-content\/uploads\/2025\/10\/cropped-cropped-cropped-dimanche-soir-1536x1027.jpg 1536w\" sizes=\"(max-width: 1996px) 100vw, 1996px\" \/>\n                      <div class=\"h-image__frame h-hide-lg h-hide-md h-hide-sm style-319-frameImage style-local-99-c18-frameImage\"><\/div>\n                    <\/div>\n                  <\/div>\n                <\/div>\n              <\/div>\n            <\/div>\n          <\/div>\n        <\/div>\n      <\/div>\n    <\/div>\n  <\/div>\n<\/div>","protected":false},"excerpt":{"rendered":"<p>\u00c9l\u00e9gance, pr\u00e9cision et caract\u00e8re \u2013 d\u00e9couvrez la s\u00e9lection haut de gamme d\u2019\u00c9clipse Optique [&hellip;]<\/p>\n","protected":false},"author":1,"featured_media":0,"parent":0,"menu_order":2,"comment_status":"closed","ping_status":"closed","template":"page-templates\/full-width-page.php","meta":{"footnotes":""},"class_list":["post-99","page","type-page","status-publish","hentry"],"_links":{"self":[{"href":"https:\/\/eclipseoptique.rinmelanie.com\/index.php\/wp-json\/wp\/v2\/pages\/99","targetHints":{"allow":["GET"]}}],"collection":[{"href":"https:\/\/eclipseoptique.rinmelanie.com\/index.php\/wp-json\/wp\/v2\/pages"}],"about":[{"href":"https:\/\/eclipseoptique.rinmelanie.com\/index.php\/wp-json\/wp\/v2\/types\/page"}],"author":[{"embeddable":true,"href":"https:\/\/eclipseoptique.rinmelanie.com\/index.php\/wp-json\/wp\/v2\/users\/1"}],"replies":[{"embeddable":true,"href":"https:\/\/eclipseoptique.rinmelanie.com\/index.php\/wp-json\/wp\/v2\/comments?post=99"}],"version-history":[{"count":5,"href":"https:\/\/eclipseoptique.rinmelanie.com\/index.php\/wp-json\/wp\/v2\/pages\/99\/revisions"}],"predecessor-version":[{"id":316,"href":"https:\/\/eclipseoptique.rinmelanie.com\/index.php\/wp-json\/wp\/v2\/pages\/99\/revisions\/316"}],"wp:attachment":[{"href":"https:\/\/eclipseoptique.rinmelanie.com\/index.php\/wp-json\/wp\/v2\/media?parent=99"}],"curies":[{"name":"wp","href":"https:\/\/api.w.org\/{rel}","templated":true}]}}